divided by 17?
16
Let s(m) = 5*m - 1. Let j be s(-1). Let d be 0*(9/j + 1). Suppose -4*t + 85 + 19 = d. Calculate the remainder when t is divided by 9.
8
Let q = 27 - -6. What is the remainder when q is divided by (4 - 1)*(21 - 17)?
9
Suppose -4*n + 16 = 4*o, 20 = 5*n - 3*o + 2*o. Suppose 3*d - 45 = g, n*d + 2*g - 60 = -g. What is the remainder when d is divided by 4?
3
What is the remainder when 81 is divided by 1016/24 - (-2)/(-6)?
39
Let w(i) = i**2 - i. Let x be w(2). Suppose 0 = 3*h + x*h - 100. What is the remainder when 58 is divided by h?
18
Suppose 4*j + 45 = 9*j. Calculate the remainder when 16 is divided by j.
7
Suppose 5*i - 255 = 3*k, 3*i - 39 = -4*k + 114. Suppose -4*g + 8 = z + g, 2*g - 37 = -3*z. Calculate the remainder when i is divided by z.
12
Suppose -4*f + 3*m + 177 = 0, 0*f = 5*f - m - 213. Calculate the remainder when f is divided by 15.
12
Let n = 10 + 1. What is the remainder when 41 is divided by n?
8
Let k be (8/(-10))/(4/(-60)). Let y be ((-68)/6)/(4/(-6)). Let u = y - k. Calculate the remainder when 9 is divided by u.
4
Suppose -3*n + 19*n - 816 = 0. Calculate the remainder when n is divided by 11.
7
Let t(u) = 6*u + 4. What is the remainder when t(3) is divided by (27/(-12))/(9/(-48))?
10
Calculate the remainder when (-133)/(-4) - (-4)/(-16) is divided by 17.
16
Let r(d) = 4*d**2 - 6*d - 7. Calculate the remainder when r(-3) is divided by 10.
7
Let f(k) = -5*k**3 - k**2 + 1. Let g = 41 + -22. Calculate the remainder when f(-2) is divided by g.
18
Let b(r) = r**2 - 5*r - 5. Let v be b(6). Calculate the remainder when 36 + 1*(2 + v) is divided by 10.
9
Let h = -134 + 188. Calculate the remainder when h is divided by 19.
16
Let d(i) = -i**2 + 10*i - 6. What is the remainder when 4 is divided by d(9)?
1
Let q be 46 + 3/9*3. Suppose 0 = 2*u - q - 205. Suppose -2*v - u = -6*x + 2*x, 0 = -4*x - 2*v + 122. Calculate the remainder when x is divided by 16.
15
Let c = -1 + 4. Calculate the remainder when 12 is divided by c.
0
Suppose 2*u + u = -2*w + 88, -u + 35 = -5*w. What is the remainder when u is divided by 8?
6
Let f(i) = 14*i + 4. Let m be f(10). What is the remainder when -2 + 1/(4/m) is divided by 7?
6
What is the remainder when 39 is divided by 6/((-4 - -5)*6/8)?
7
Let b be (0/4)/(1*-2). Suppose b = y + y - 6. Suppose -y*f = -5*f + 14. What is the remainder when 19 is divided by f?
5
Suppose -y + 0*j + 22 = 2*j, y - 28 = -4*j. Suppose -5*u + 17 - 3 = 4*a, -4*u + 3*a + 36 = 0. What is the remainder when y is divided by u?
4
Let h = 12 + -8. Suppose -3 = -c - 8*n + 4*n, -h*c = -5*n - 96. What is the remainder when 56 is divided by c?
18
Let y(a) = 66*a - 1. Let x be y(1). Suppose 0 = -5*b - 37 - 188. Let l = b + x. What is the remainder when l is divided by 7?
6
Suppose 4*y + 13 = -11. Let m(k) = k + 1. Let h be m(y). Calculate the remainder when -5*(0 + 12/h) is divided by 7.
5
Suppose 0 = -4*c + 4*i + 180, 4*c = -0*c + 2*i + 184. Calculate the remainder when 185 is divided by c.
44
Let c = -12 + 20. Let x(n) = n + 5. What is the remainder when x(8) is divided by c?
5
Let v be 2 + -5 - 1 - 1. What is the remainder when (-6 - v) + (-1 - -21) is divided by 10?
9
Let a(o) = -3*o - 5. Let s be a(-14). Suppose 7 = 2*q - s. Calculate the remainder when q is divided by 9.
4
What is the remainder when (3 + (-17)/6)*78 is divided by 4?
1
Let w(g) = -g**3 + 3*g**2 + 2*g + 3. What is the remainder when 17 is divided by w(3)?
8
Let y(m) = m + 8. Let h = 3 + -11. Let o be y(h). Suppose -3*i + 27 = 2*q, o*q - 41 = -4*i - q. Calculate the remainder when 42 is divided by i.
9
Suppose 0 = y - 3*y. Suppose -4*z + 4 = -4. Let r = y + z. What is the remainder when r is divided by 2?
0
Let r(k) = -k - 1. What is the remainder when 28 is divided by r(-5)?
0
Let c be (-2 - -3) + 3 - 3. Let v = c + 2. What is the remainder when 7 is divided by v?
1
Suppose -2*j - 8 = 0, 2*v = -3*v + j + 149. Let y = -7 - -17. What is the remainder when v is divided by y?
9
Suppose -3*u + 0*j + 5*j + 73 = 0, -2*u = 2*j - 70. Suppose -2*p + c - 4*c + 19 = 0, -5*p = 2*c - u. What is the remainder when 13 is divided by p?
3
Suppose 2*x = 6*x - o - 49, 4*x - 2*o = 46. What is the remainder when 20 is divided by x?
7
Let g = 4 - 3. What is the remainder when 13 is divided by 8 + (2 + g)/(-3)?
6
Suppose 28 + 17 = q. Calculate the remainder when q is divided by 12.
9
Suppose 36 = 5*j + 6. Calculate the remainder when -1*-1*(1 + 8) is divided by j.
3
Calculate the remainder when 19 is divided by ((-2)/8)/(-1) + (-129)/(-12).
8
Suppose 0 = -56*l + 54*l + 160. What is the remainder when l is divided by 17?
12
Let l(b) be the first derivative of -b**3/3 - 9*b**2/2 - 10*b - 2. What is the remainder when 11 is divided by l(-7)?
3
Let o(t) = 4*t + 12. Let b be o(-9). Let d = b - -54. Let q = 50 - d. Calculate the remainder when 39 is divided by q.
19
Let t(o) = 3*o**3 - 9*o**2 + o + 5. Let u be t(6). Calculate the remainder when u/10 + (-1)/(-2) is divided by 12.
10
Let k = -147 + 168. What is the remainder when 81 is divided by k?
18
Let z(o) = 2*o**2 + 4*o. What is the remainder when 39 is divided by z(2)?
7
Suppose 249 = 5*o - 2*f, -f + 118 - 370 = -5*o. What is the remainder when o is divided by 19?
13
Let j(k) = -k**2 - 15*k - 13. Let i be j(-14). Suppose -3*a + 8 = -s, -3*a - i + 5 = s. Calculate the remainder when 5 is divided by a.
1
Let z be ((-9)/(-2) + -3)*4. Let s(y) = -y**3 + 6*y**2 + 2*y. Suppose -j + 66 = 2*j. Calculate the remainder when j is divided by s(z).
10
Let k = -24 + 51. Calculate the remainder when k is divided by 15.
12
Let o(t) be the second derivative of t**3/3 + 7*t**2/2 - 6*t. Calculate the remainder when o(11) is divided by 11.
7
Let q be (1 - 1)/((-1)/1). Suppose q*y - 9 = -y. Let b = 27 + -10. Calculate the remainder when b is divided by y.
8
Let f = -7 + 13. Suppose 0 = -2*v + 4*v. Suppose -x - 3*x + 16 = v. Calculate the remainder when f is divided by x.
2
Let w = 89 - 161. What is the remainder when ((-15)/12)/(2/w) is divided by 23?
22
Let q(m) = -2*m**3 + m**2 - 1. Let g be q(1). Let o(y) = -5*y + 4. Let h be o(-8). What is the remainder when 48 is divided by 1 - h/g - -2?
23
Let y be 4/2 + (1 - 5). Let f(z) = -2*z**3 + 3*z + 3. What is the remainder when 50 is divided by f(y)?
11
Let j = 50 - -1. Calculate the remainder when j is divided by 14.
9
Let a(i) = -3*i + 1. Suppose -2 = -4*b + 2. Let j be a(b). What is the remainder when (51/6)/(j/(-4)) is divided by 10?
7
Let a = 0 - -3. Suppose z - 100 = -a*z. Suppose 2*u = -w + 9, -2*w = 39*u - 38*u - 24. What is the remainder when z is divided by w?
12
Let z = 19 - 9. Suppose -5*q = -z*q + 15. What is the remainder when 10 is divided by q?
1
Let a(h) = h**3 - 5*h**2 - h + 5. Let g be a(5). Let x(v) = v**2 - v + 11. What is the remainder when 20 is divided by x(g)?
9
Let h(k) = k**2 - 6*k + 8. Suppose 0 = -3*i - 15, -4*i - 60 = -8*l + 3*l. Let f be h(l). Let d = 39 - f. Calculate the remainder when d is divided by 8.
7
Suppose -3*v + 42 = -0*v. Suppose -2*d - 2*d + 16 = 0. What is the remainder when v is divided by d?
2
Suppose -4 = -4*u, -c + 0 = -4*u - 5. What is the remainder when 26 is divided by c?
8
Let f(l) = l**2 + 4*l - 6. Let r be f(-6). Calculate the remainder when 76 is divided by (r/(-9))/((-3)/117).
24
Suppose 4*k + 2*r = 16, -k + r - 1 = -2. Let d = -33 - -39. What is the remainder when d is divided by k?
0
Let k be 8/(-3)*9/(-6). Suppose 0*i - 68 = -k*i. What is the remainder when 33 is divided by i?
16
Let u be (1/(-3))/((-2)/6). Let x be (-63)/(-12) - u/4. Suppose c + 56 = x*c. Calculate the remainder when 54 is divided by c.
12
What is the remainder when (-2 - -42)/4 + -2 is divided by (-3)/(-2*(-1)/(-2))?
2
Let t be 3 + (-3 - 71)/(-2). Suppose t - 2 = 2*p. What is the remainder when p is divided by 10?
9
Suppose 3*x + x = 16. Let q = 2 + x. What is the remainder when q is divided by 2?
0
Let z(n) = -n**2 + 10*n - 4. What is the remainder when -5*(-28)/12*3 is divided by z(8)?
11
Let m = -6 - -9. Suppose -2*g = 5*n - 210, -n - 21 = m*g - 63. Calculate the remainder when n is divided by 22.
20
Let q be 0*(-1)/(3 + -2). Let k(g) = g + 43. Let f = -1 + 16. Calculate the remainder when k(q) is divided by f.
13
Suppose -5*g = -l - 22, -6*g + 12 = -5*g - 4*l. Let c = 